
Does 8 divide 184963827?
False
Is 1055 a factor of 1851892140?
True
Does 19 divide 61748765?
True
Is 156 a factor of 301913589?
False
Does 3848 divide 4508325093?
False
Does 6 divide 81586350?
True
Is 113564100 a multiple of 37?
True
Does 498 divide 846806670?
True
Does 418 divide 5410763?
False
Is 175 a factor of 435525740?
False
Does 944 divide 395376464?
True
Is 940490415 a multiple of 45?
True
Is 42649352 a multiple of 459?
False
Is 146 a factor of 10017790?
True
Is 2089831806 a multiple of 8?
False
Does 878 divide 213964210?
True
Does 511 divide 122504839?
False
Is 77 a factor of 122727451?
True
Is 172456080 a multiple of 80?
True
Is 183182976 a multiple of 18?
True
Is 64539972 a multiple of 3757?
False
Is 10965929 a multiple of 457?
False
Is 3545 a factor of 749866931?
False
Does 10 divide 13708412?
False
Is 855 a factor of 1938634889?
False
Is 600262380 a multiple of 5?
True
Is 118724422 a multiple of 33?
False
Is 1427711950 a multiple of 32?
False
Does 4 divide 31652623?
False
Is 182260890 a multiple of 219?
False
Does 947 divide 431820636?
True
Does 1342 divide 3529017282?
False
Is 209574530 a multiple of 445?
True
Is 97321194 a multiple of 466?
False
Is 392 a factor of 6081096?
True
Does 88 divide 579558408?
True
Is 93301749 a multiple of 397?
True
Does 91 divide 19040432?
False
Does 263 divide 9643260?
False
Does 12 divide 107897556?
True
Is 504088556 a multiple of 3638?
True
Is 1998645609 a multiple of 549?
False
Is 7660544 even?
True
Is 907699823 a multiple of 16?
False
Is 15421152 a multiple of 48?
True
Is 171605438 a multiple of 3266?
True
Does 5 divide 2941248?
False
Does 174 divide 96711529?
False
Is 1272 a factor of 303076896?
True
Is 3909 a factor of 508334178?
True
Is 14 a factor of 25161466?
False
Is 32552430 a multiple of 176?
False
Is 106 a factor of 53896041?
False
Is 246136 a multiple of 11?
True
Does 5754 divide 671169576?
True
Is 2264648 a multiple of 94?
True
Is 66 a factor of 83953650?
True
Is 7844810 a multiple of 2?
True
Is 151 a factor of 19865494?
False
Does 356 divide 252391970?
False
Is 8644 a factor of 2731668574?
False
Does 237 divide 4279098?
False
Is 406501110 a multiple of 18?
True
Is 53 a factor of 62912523?
False
Does 1394 divide 184635462?
False
Does 1948 divide 12206168?
True
Is 631 a factor of 183704284?
False
Is 1666 a factor of 56779516?
False
Is 1391 a factor of 33272269?
False
Is 13 a factor of 3472628?
False
Is 61 a factor of 39025593?
False
Is 6 a factor of 183665785?
False
Does 3973 divide 639756298?
True
Is 68 a factor of 12294536?
True
Does 57 divide 59740731?
True
Is 17 a factor of 1024242214?
True
Is 327 a factor of 114467985?
True
Does 3163 divide 48789275?
True
Is 80 a factor of 5809920?
True
Is 272000257 a multiple of 39?
False
Is 608 a factor of 7091411?
False
Is 2725 a factor of 1473865468?
False
Does 75 divide 385036393?
False
Is 15526598 a multiple of 44?
False
Is 23 a factor of 369924106?
False
Does 6 divide 108620778?
True
Is 362787973 a multiple of 2060?
False
Is 18254002 a multiple of 138?
False
Is 118 a factor of 12545822?
False
Does 105 divide 191259390?
True
Is 37411686 a multiple of 351?
True
Is 1017 a factor of 1859273298?
True
Does 8 divide 33281147?
False
Does 24 divide 470425839?
False
Is 504 a factor of 56569223?
False
Is 1096441277 a multiple of 2656?
False
Is 7 a factor of 311609109?
True
Does 179 divide 1518760206?
False
Is 3 a factor of 31908703?
False
Does 60 divide 13114980?
True
Is 22 a factor of 102875999?
False
Is 439592375 a multiple of 17?
True
Is 365097054 a multiple of 321?
True
Is 3601524 a multiple of 6?
True
Is 223364914 a multiple of 118?
True
Is 66759271 a multiple of 784?
False
Is 1938 a factor of 361867142?
False
Does 141 divide 27562924?
False
Is 853287760 a multiple of 52?
True
Is 66 a factor of 25165470?
True
Does 357 divide 9066169?
False
Is 610396488 a multiple of 8784?
False
Is 8367878 a multiple of 8?
False
Is 1919 a factor of 160169580?
False
Is 57 a factor of 60091702?
False
Is 2275 a factor of 77445550?
True
Is 87796487 a multiple of 83?
True
Does 5 divide 11516265?
True
Is 1658 a factor of 29594663?
False
Is 647 a factor of 742532138?
True
Is 69209434 a multiple of 7?
True
Is 79257518 a multiple of 894?
False
Is 2629 a factor of 37296309?
False
Is 84 a factor of 184078944?
True
Is 3806 a factor of 140475654?
True
Does 386 divide 60107081?
False
Is 2 a factor of 103423?
False
Does 38 divide 10090843?
False
Is 1147 a factor of 10454905?
True
Is 5600760 a multiple of 4?
True
Is 1678072962 a multiple of 15674?
False
Is 49848700 a multiple of 55?
True
Does 13 divide 765172798?
True
Does 376 divide 82389872?
True
Is 5219985151 a multiple of 14670?
False
Does 3 divide 2638400?
False
Is 15 a factor of 1257645?
True
Is 93 a factor of 66984552?
True
Is 13 a factor of 4870930774?
False
Is 70302690 a multiple of 18?
True
Does 13 divide 50166246?
True
Does 73 divide 36774699?
True
Is 424323842 a multiple of 4020?
False
Does 87 divide 8078994?
True
Is 1280 a factor of 3951564800?
True
Is 57320535 a multiple of 3?
True
Is 178 a factor of 193595?
False
Is 48633500 a multiple of 1150?
True
Is 36 a factor of 4987254?
False
Does 3236 divide 1004563261?
False
Does 90 divide 558764?
False
Does 218 divide 281062027?
False
Is 8 a factor of 579168?
True
Does 21 divide 31101946?
False
Is 7 a factor of 9748501?
True
Is 17580624 a multiple of 18?
False
Does 23 divide 1497651026?
True
Is 170768872 a multiple of 181?
False
Is 1700372960 a multiple of 11?
True
Does 3127 divide 292937010?
False
Is 20 a factor of 34813840?
True
Is 1885255281 a multiple of 91?
True
Does 33 divide 417572737?
False
Is 337344788 a multiple of 1166?
True
Does 3 divide 1032150?
True
Is 185304780 a multiple of 135?
True
Is 466 a factor of 41565336?
True
Does 137 divide 58432281?
True
Is 1547436871 a multiple of 32?
False
Is 7 a factor of 1140077792?
True
Is 220556689 a multiple of 4382?
False
Is 19169945 a multiple of 199?
False
Is 397464974 a multiple of 1091?
False
Does 25 divide 1610612625?
True
Is 86250717 a multiple of 189?
True
Does 28 divide 162508063?
False
Does 2730 divide 61051412?
False
Is 42888798 a multiple of 1006?
True
Is 3370164482 a multiple of 34?
False
Is 332936620 a multiple of 43?
False
Does 20 divide 1593127222?
False
Is 894 a factor of 814816632?
True
Does 5394 divide 1823366184?
True
Does 362 divide 2836813?
False
Is 75754224 a multiple of 329?
True
Does 611 divide 2014173102?
False
Is 4 a factor of 897461346?
False
Does 202 divide 41727395?
False
Is 2837 a factor of 1359524325?
False
Is 2335 a factor of 24300345?
True
Is 147 a factor of 349279097?
False
Is 1849403 a multiple of 109?
True
Is 18239368 a multiple of 17?
True
Is 63 a factor of 1775516304?
False
Is 1401569754 a multiple of 26?
True
Is 1384 a factor of 232377127?
False
Is 3 a factor of 37653199?
False
Does 54 divide 11101806?
True
Is 106626607 a multiple of 129?
False
Is 3274382880 a multiple of 1095?
True
Is 34457644 a multiple of 26?
True
Is 2 a factor of 2087567?
False
Is 23 a factor of 23167118?
True
Is 3325698 a multiple of 17?
False
Is 5854160 a multiple of 433?
True
Is 176702218 a multiple of 3228?
False
Does 13 divide 170116388?
True
Does 42 divide 518620396?
False
Is 14364702 a multiple of 66?
True
Does 4 divide 16680964?
True
Is 66 a factor of 74038567?
False
Is 2370 a factor of 1153272810?
True
Does 273 divide 1336269480?
True
Is 444210487 a multiple of 9?
False
Is 1897407210 a multiple of 25?
False
Does 23 divide 22788860?
True
Does 65 divide 2114780460?
True
Is 16 a factor of 10460752?
True
Is 25 a factor of 852991950?
True
Is 532136746 a multiple of 248?
False
Is 71263104 a multiple of 24?
True
Is 38464632 a multiple of 18?
True
Is 2240822 a multiple of 109?
True
Is 280829310 a multiple of 3534?
True
Does 102 divide 1611815934?
True
Is 719103450 a multiple of 650?
True
Is 2 a factor of 3997789?
False
Is 203 a factor of 573907505?
False
Does 25 divide 51054444?
False
Is 49782438 a multiple of 162?
True
Is 3 a factor of 163629669?
True
Is 3264 a factor of 89006016?
True
Is 26371152 a multiple of 367?
True
Is 4 a factor of 166316710?
False
Does 30 divide 319016970?
True
Is 788 a factor of 1189092?
True
Is 308 a factor of 84441604?
False
Does 11 divide 58677256?
True
Is 258566272 a multiple o